et r(k) = -24*k. Let o be r(1). Let q = 48 + o. Calculate the greatest common divisor of x and q.
8
Let c be -5*2/3*174/(-4). What is the greatest common divisor of c and 58?
29
Let c(m) = 6*m**3 + 2*m**2 - 1. Let j be c(1). Suppose -13*i - 63 = -14*i - 4*z, 3*z - 63 = -i. What is the highest common factor of j and i?
7
Let k = -394 + 454. Calculate the greatest common divisor of k and 8.
4
Suppose 0 = 11*s - 12*s + 16. Suppose -53*f = -39*f - 2016. What is the highest common factor of s and f?
16
Let f(r) = 3*r**2 - 7*r - 12. Let d(j) = -j**3 + 10*j**2 + 11*j + 6. Let c be d(11). Let w be f(c). What is the greatest common factor of w and 81?
27
Let r = 8 - 157. Let o be -4 + 4 + 4 - r. Calculate the highest common divisor of o and 17.
17
Let m(z) = -4*z - 3. Let k be m(-4). Let b(u) = 5*u**3 - u**2 - u - 6. Let f be (4 - (3 + 4))*-1. Let s be b(f). What is the greatest common factor of s and k?
13
Let h be (16*-43)/8*-4. What is the highest common factor of 215 and h?
43
Suppose 2*o - 51 = -5*y, 4*y - 1 + 25 = 2*o. What is the greatest common divisor of o and 4?
2
Let z = 1555 + -1227. Calculate the greatest common divisor of 24 and z.
8
Suppose 0 = 3*u + 5*z - 138, -u - 3*z = -3 - 43. Suppose -5*d + 13*h + 129 = 15*h, -d - 4*h + 51 = 0. What is the greatest common factor of d and u?
23
Let l be 1*-5*64/(-20). Let y = -15 + l. Let g be (2/y)/((-10)/(-75)). What is the greatest common divisor of 15 and g?
15
Suppose -15*v - 70 = -220. Suppose -10 = 5*o - 10*o. Calculate the greatest common factor of v and o.
2
Let t(d) = 5*d - 11. Let b be t(9). Let n = b + -14. Suppose 0 = -2*r + 14 + n. What is the greatest common factor of r and 153?
17
Let q be (-8 - -6)/(2/(-1)). Suppose 0 = -a - q + 3. Suppose 4*n + a*w - 66 = 0, 3*n = 6*n + 5*w - 39. What is the highest common divisor of 54 and n?
18
Let c(r) be the third derivative of r**5/30 + r**4/12 - r**3/6 - 5*r**2. Suppose -11 = 3*b - 2. Let a be c(b). What is the highest common factor of 88 and a?
11
Let r(w) = -w**3 + 6*w**2 + 164*w - 30. Let k be r(15). Calculate the greatest common factor of 15 and k.
15
Suppose -j = -4*g - 0*j + 220, 3*g = 5*j + 148. Let a(z) = -z**3 - 12*z**2 + 13*z + 7. Let f be a(-13). What is the highest common divisor of f and g?
7
Let o be (84/(-30) + 4)*5 + 113. Let c = -32 + 49. What is the highest common factor of o and c?
17
Let d(f) = 2*f + 12. Let j be d(-5). Suppose -5*i + 208 - 63 = -5*h, j*h = -2*i + 70. Calculate the greatest common divisor of i and 256.
32
Let x = -158 - -173. Calculate the greatest common divisor of x and 105.
15
Suppose -25*l + 28*l - 24 = 0. Let n = 16 - l. What is the highest common factor of n and 64?
8
Let v(j) = 2*j**2 + 14*j - 42. Let p be v(8). What is the greatest common factor of 18 and p?
18
Let d = 202 + -106. Suppose 4*o - d = -2*o. Calculate the highest common factor of o and 2.
2
Let x be (3/(-5))/(((-1)/10)/1). Let u(o) = -7*o + 2. Suppose -k - 8 = 2*q, 4*k + 0*k = -q - 18. Let a be u(k). What is the highest common factor of a and x?
6
Suppose -13*z = 65 - 6565. Calculate the highest common divisor of 20 and z.
20
Suppose 5*y - 300 = -14*a + 13*a, -5*y + 300 = -2*a. What is the greatest common factor of 96 and y?
12
Let w = -61 + 111. Calculate the highest common divisor of 160 and w.
10
Let c = -9 + 20. Suppose -3*v = -161*t + 159*t + 270, 5*t - 664 = 2*v. Calculate the greatest common divisor of t and c.
11
Let w(m) be the first derivative of m**2 - 3*m - 4*m - m + 7 + 0. Let s be w(11). What is the highest common divisor of s and 7?
7
Let s(h) be the second derivative of -h**3/6 - 5*h**2 + 10*h. Let k be s(-10). Suppose -420 = -k*d - 6*d. What is the greatest common divisor of 10 and d?
10
Let r be 0/((-16)/(-4) - 1). Suppose r = -4*v + 68 + 12. Let g = 66 + 34. Calculate the greatest common factor of g and v.
20
Suppose 14*f = -79 + 555. Let w be (-1 - (0 - 0)) + 171. Calculate the highest common factor of f and w.
34
Let k(p) = -p**3 - 5*p**2 + 13*p + 13. Let j(m) = m**2 - 5*m - 1. Let i be j(2). Let o be k(i). Let a = 29 + -9. What is the greatest common factor of a and o?
20
Let j(g) be the third derivative of g**5/60 - g**4/24 - 2*g**2. Let w be j(2). Let h be 10 + (-3)/(-6)*w. Calculate the greatest common factor of 55 and h.
11
Let j be -4 + (-93)/(-21) + 718/7. Let x = j - 95. Calculate the greatest common divisor of 56 and x.
8
Let o(m) be the third derivative of -m**4/12 + m**3/2 + 15*m**2. Let k be o(-2). Suppose 0 = 3*l - 29 - 13. What is the greatest common divisor of l and k?
7
Let r be (-2)/(-5) + 4/(-10)*31. Let s be r/(-4)*-7*(-1)/1. What is the greatest common divisor of 168 and s?
21
Suppose 11*r - 553 = 250. Calculate the greatest common divisor of 5 and r.
1
Let h = -236 - -353. Let t(v) = v**3 - 7*v**2 + 3*v - 10. Let w be t(8). What is the highest common divisor of w and h?
39
Suppose 61*v - 798 = 42*v. Suppose x - 5 = 1. Let t be 2/(-6) - (-86)/x. Calculate the highest common factor of t and v.
14
Let i(d) = -2*d**3 - d**2 - 3*d - 2. Let w be i(-2). What is the highest common factor of w and 104?
8
Let v be -31 - -28 - -2*5/2. Let r = -3 - -7. Suppose -r*c = -v*c - 504. What is the greatest common divisor of c and 28?
28
Let a(i) = i**3 - 15*i**2 + 11. Let t(h) = h**2 + 3*h - 13. Let j be t(-7). Let f be a(j). What is the greatest common factor of 11 and f?
11
Let u be -6*(-2)/(-3) + -5. Let a = u + 64. What is the highest common factor of a and 11?
11
Let b(l) = -2*l**3 + 15*l**2 + 8*l - 29. Let d be b(5). Let r(x) = x**3 + 7*x**2 + 6*x - 3. Let f be r(-5). What is the greatest common factor of d and f?
17
Let w be 4 + 0 - (1 - -1). Let v(c) = 5*c**3 - 3*c**2 - 2*c + 6. Let g be v(2). Let r = g + -18. What is the highest common factor of w and r?
2
Suppose 0 = -4*c - 15 + 815. What is the highest common divisor of 640 and c?
40
Suppose -3*m + 7 = 1. Suppose -5*a - 36 = -f, m - 16 = f + 5*a. Calculate the highest common divisor of f and 1.
1
Let g = -65 + 75. Let l be 5 + g*(-4 + 8). What is the highest common divisor of l and 60?
15
Suppose 6*x - 2*x - 76 = 0. Suppose -5*o + x = -21. Let a be (8/(-10))/2*-30. What is the highest common factor of o and a?
4
Suppose -3*b + 7 = x, 4*b = -3*x + 9*b + 7. Let r = 36 + -33. Suppose 27 = w + 3*v, -2*w + 45 = 3*w - r*v. Calculate the greatest common factor of x and w.
4
Let v = 1251 - 1233. Let s(f) = 2*f**2 - 4*f + 2. Let u be s(4). Calculate the greatest common factor of u and v.
18
Suppose 4*d - 5*l - 7 - 33 = 0, 2*l - 17 = -5*d. What is the greatest common factor of 110 and d?
5
Suppose 0 = t + b + 26, -5*b = -3*t - 25 - 21. Let n = -9 - t. Let u(l) = 3*l + 173. Let f be u(-10). Calculate the highest common factor of n and f.
13
Suppose -6*a - 145 = -745. What is the greatest common factor of a and 125?
25
Let o(n) = -2*n**3 + 2*n**3 - 3*n - 4*n**2 - n**3 - 4 + 0. Let k be o(-5). What is the greatest common factor of k and 18?
18
Let c be (-6)/(-2) + 99 + -4. What is the highest common divisor of c and 84?
14
Suppose 0 = -3*c - 15. Let h be 10*(-2)/c + 36. Calculate the greatest common factor of h and 360.
40
Let o be -9 - ((-24)/4)/2. Let q be -6*(12/4)/o. Let w = 24 - q. Calculate the highest common divisor of 21 and w.
21
Let i(a) = 7*a - 12. Let m be (-10)/15*(-6)/1. Let t be i(m). Suppose q - 54 = -t. Calculate the greatest common divisor of 342 and q.
38
Suppose 2*h - 190 = 80. Suppose -3*d + h = -222. Let w = -14 - -31. Calculate the highest common divisor of w and d.
17
Let p(s) = 2*s**3 - 6*s**2 - 2*s - 3. Let l be p(4). What is the greatest common divisor of l and 3?
3
Suppose 0*a + 35 = 5*a + 4*r, 3*r = 4*a + 3. Let t be 13 + a + (-7 - -1). What is the greatest common factor of 20 and t?
10
Let q be 6 - (28/35 - (-3979)/(-5)). Calculate the highest common factor of 178 and q.
89
Let f be (-10)/(-3) + (-19)/57. Suppose f*q + 2*q - 30 = 0. Suppose -q*h = -17 - 85. What is the greatest common divisor of 85 and h?
17
Let y(j) = -12*j - 20. Let c = 61 - 70. Let o be y(c). Calculate the greatest common factor of o and 22.
22
Suppose 1305 = 70*p - 1075. Calculate the highest common factor of p and 289.
17
Suppose 5*a = 25*a - 360. Calculate the greatest common divisor of a and 27.
9
Suppose 2*r - 2*m = 144, -5*r - 5*m + 96 = -4*r. What is the 